{"id":748,"date":"2017-03-23T07:25:10","date_gmt":"2017-03-23T06:25:10","guid":{"rendered":"https:\/\/demo-storage.com\/pm\/wp\/vincent\/?page_id=748"},"modified":"2026-03-16T20:02:26","modified_gmt":"2026-03-16T19:02:26","slug":"naslovna","status":"publish","type":"page","link":"https:\/\/pizza-factory.hr\/","title":{"rendered":"Naslovna"},"content":{"rendered":"<p>[vc_row full_width=&#8221;stretch_row_content_no_spaces&#8221; vincent_border_type=&#8221;figure&#8221; css=&#8221;.vc_custom_1492088005175{margin-top: -54px !important;margin-bottom: 46px !important;}&#8221;][vc_column][vc_column_text]\n\t\t\t<!-- START contacts REVOLUTION SLIDER 6.2.15 --><p class=\"rs-p-wp-fix\"><\/p>\n\t\t\t<rs-module-wrap id=\"rev_slider_1_1_wrapper\" data-source=\"gallery\" style=\"background:transparent;padding:0;margin:0px auto;margin-top:0;margin-bottom:0;max-width:;\">\n\t\t\t\t<rs-module id=\"rev_slider_1_1\" style=\"\" data-version=\"6.2.15\">\n\t\t\t\t\t<rs-slides>\n\t\t\t\t\t\t<rs-slide data-key=\"rs-1\" data-title=\"Slide\" data-thumb=\"\/\/pizza-factory.hr\/wp-content\/uploads\/2020\/09\/pizza_factory-100x50.jpg\" data-anim=\"ei:d;eo:d;s:d;r:0;t:slotzoom-vertical;sl:d;\">\n\t\t\t\t\t\t\t<img loading=\"lazy\" decoding=\"async\" src=\"\/\/pizza-factory.hr\/wp-content\/uploads\/2020\/09\/pizza_factory.jpg\" title=\"pizza_factory\" width=\"1928\" height=\"1286\" data-bg=\"p:0% 80%;\" class=\"rev-slidebg\" data-no-retina>\n<!---->\t\t\t\t\t\t<\/rs-slide>\n\t\t\t\t\t\t<rs-slide data-key=\"rs-8\" data-title=\"Slide\" data-thumb=\"\/\/pizza-factory.hr\/wp-content\/uploads\/2020\/09\/interijer3-100x50.jpg\" data-anim=\"ei:d;eo:d;s:d;r:0;t:slotzoom-vertical;sl:d;\">\n\t\t\t\t\t\t\t<img loading=\"lazy\" decoding=\"async\" src=\"\/\/pizza-factory.hr\/wp-content\/uploads\/2020\/09\/interijer3.jpg\" title=\"interijer3\" width=\"1928\" height=\"1286\" data-bg=\"p:0% 65%;\" class=\"rev-slidebg\" data-no-retina>\n<!---->\t\t\t\t\t\t<\/rs-slide>\n\t\t\t\t\t\t<rs-slide data-key=\"rs-3\" data-title=\"Slide\" data-thumb=\"\/\/pizza-factory.hr\/wp-content\/uploads\/2020\/09\/pizza_gracanska-100x50.jpg\" data-anim=\"ei:d;eo:d;s:d;r:0;t:slotzoom-vertical;sl:d;\">\n\t\t\t\t\t\t\t<img loading=\"lazy\" decoding=\"async\" src=\"\/\/pizza-factory.hr\/wp-content\/uploads\/2020\/09\/pizza_gracanska.jpg\" title=\"pizza_gracanska\" width=\"1928\" height=\"1286\" data-bg=\"p:center bottom;\" class=\"rev-slidebg\" data-no-retina>\n<!---->\t\t\t\t\t\t<\/rs-slide>\n\t\t\t\t\t\t<rs-slide data-key=\"rs-9\" data-title=\"Slide\" data-thumb=\"\/\/pizza-factory.hr\/wp-content\/uploads\/2020\/09\/interijer1-100x50.jpg\" data-anim=\"ei:d;eo:d;s:d;r:0;t:slotzoom-vertical;sl:d;\">\n\t\t\t\t\t\t\t<img loading=\"lazy\" decoding=\"async\" src=\"\/\/pizza-factory.hr\/wp-content\/uploads\/2020\/09\/interijer1.jpg\" title=\"interijer1\" width=\"1928\" height=\"1286\" data-bg=\"p:0% 45%;\" class=\"rev-slidebg\" data-no-retina>\n<!---->\t\t\t\t\t\t<\/rs-slide>\n\t\t\t\t\t<\/rs-slides>\n\t\t\t\t<\/rs-module>\n\t\t\t\t<script type=\"text\/javascript\">\n\t\t\t\t\tsetREVStartSize({c: 'rev_slider_1_1',rl:[2000,2000,778,480],el:[650],gw:[1170],gh:[650],type:'standard',justify:'',layout:'fullwidth',mh:\"0\"});\n\t\t\t\t\tvar\trevapi1,\n\t\t\t\t\t\ttpj;\n\t\t\t\t\tjQuery(function() {\n\t\t\t\t\t\ttpj = jQuery;\n\t\t\t\t\t\trevapi1 = tpj(\"#rev_slider_1_1\")\n\t\t\t\t\t\tif(revapi1==undefined || revapi1.revolution == undefined){\n\t\t\t\t\t\t\trevslider_showDoubleJqueryError(\"rev_slider_1_1\");\n\t\t\t\t\t\t}else{\n\t\t\t\t\t\t\trevapi1.revolution({\n\t\t\t\t\t\t\t\tduration:5000,\n\t\t\t\t\t\t\t\tvisibilityLevels:\"2000,2000,778,480\",\n\t\t\t\t\t\t\t\tgridwidth:1170,\n\t\t\t\t\t\t\t\tgridheight:650,\n\t\t\t\t\t\t\t\tperspective:600,\n\t\t\t\t\t\t\t\tperspectiveType:\"local\",\n\t\t\t\t\t\t\t\teditorheight:\"650,768,960,720\",\n\t\t\t\t\t\t\t\tresponsiveLevels:\"2000,2000,778,480\",\n\t\t\t\t\t\t\t\tprogressBar:{disableProgressBar:true},\n\t\t\t\t\t\t\t\tnavigation: {\n\t\t\t\t\t\t\t\t\tmouseScrollNavigation:false,\n\t\t\t\t\t\t\t\t\tarrows: {\n\t\t\t\t\t\t\t\t\t\tenable:true,\n\t\t\t\t\t\t\t\t\t\ttmp:\"<div class=\\\"tp-title-wrap\\\">  \t<div class=\\\"tp-arr-imgholder\\\"><\/div> <\/div>\",\n\t\t\t\t\t\t\t\t\t\tstyle:\"zeus\",\n\t\t\t\t\t\t\t\t\t\tleft: {\n\t\t\t\t\t\t\t\t\t\t\th_offset:30\n\t\t\t\t\t\t\t\t\t\t},\n\t\t\t\t\t\t\t\t\t\tright: {\n\t\t\t\t\t\t\t\t\t\t\th_offset:30\n\t\t\t\t\t\t\t\t\t\t}\n\t\t\t\t\t\t\t\t\t}\n\t\t\t\t\t\t\t\t},\n\t\t\t\t\t\t\t\tfallbacks: {\n\t\t\t\t\t\t\t\t\tdisableFocusListener:true,\n\t\t\t\t\t\t\t\t\tallowHTML5AutoPlayOnAndroid:true\n\t\t\t\t\t\t\t\t},\n\t\t\t\t\t\t\t});\n\t\t\t\t\t\t}\n\t\t\t\t\t\t\n\t\t\t\t\t});\n\t\t\t\t<\/script>\n\t\t\t\t<script>\n\t\t\t\t\tvar htmlDivCss = unescape(\"%23rev_slider_1_1_wrapper%20.zeus.tparrows%20%7B%0A%20%20cursor%3Apointer%3B%0A%20%20min-width%3A70px%3B%0A%20%20min-height%3A70px%3B%0A%20%20position%3Aabsolute%3B%0A%20%20display%3Ablock%3B%0A%20%20z-index%3A1000%3B%0A%20%20border-radius%3A50%25%3B%20%20%20%0A%20%20overflow%3Ahidden%3B%0A%20%20background%3Argba%280%2C0%2C0%2C0.1%29%3B%0A%7D%0A%0A%23rev_slider_1_1_wrapper%20.zeus.tparrows%3Abefore%20%7B%0A%20%20font-family%3A%20%27revicons%27%3B%0A%20%20font-size%3A20px%3B%0A%20%20color%3A%23ffffff%3B%0A%20%20display%3Ablock%3B%0A%20%20line-height%3A%2070px%3B%0A%20%20text-align%3A%20center%3B%20%20%20%20%0A%20%20z-index%3A2%3B%0A%20%20position%3Arelative%3B%0A%7D%0A%23rev_slider_1_1_wrapper%20.zeus.tparrows.tp-leftarrow%3Abefore%20%7B%0A%20%20content%3A%20%27%5Ce824%27%3B%0A%7D%0A%23rev_slider_1_1_wrapper%20.zeus.tparrows.tp-rightarrow%3Abefore%20%7B%0A%20%20content%3A%20%27%5Ce825%27%3B%0A%7D%0A%0A%23rev_slider_1_1_wrapper%20.zeus%20.tp-title-wrap%20%7B%0A%20%20background%3Argba%280%2C0%2C0%2C0.5%29%3B%0A%20%20width%3A100%25%3B%0A%20%20height%3A100%25%3B%0A%20%20top%3A0px%3B%0A%20%20left%3A0px%3B%0A%20%20position%3Aabsolute%3B%0A%20%20opacity%3A0%3B%0A%20%20transform%3Ascale%280%29%3B%0A%20%20-webkit-transform%3Ascale%280%29%3B%0A%20%20%20transition%3A%20all%200.3s%3B%0A%20%20-webkit-transition%3Aall%200.3s%3B%0A%20%20-moz-transition%3Aall%200.3s%3B%0A%20%20%20border-radius%3A50%25%3B%0A%20%7D%0A%23rev_slider_1_1_wrapper%20.zeus%20.tp-arr-imgholder%20%7B%0A%20%20width%3A100%25%3B%0A%20%20height%3A100%25%3B%0A%20%20position%3Aabsolute%3B%0A%20%20top%3A0px%3B%0A%20%20left%3A0px%3B%0A%20%20background-position%3Acenter%20center%3B%0A%20%20background-size%3Acover%3B%0A%20%20border-radius%3A50%25%3B%0A%20%20transform%3Atranslatex%28-100%25%29%3B%0A%20%20-webkit-transform%3Atranslatex%28-100%25%29%3B%0A%20%20%20transition%3A%20all%200.3s%3B%0A%20%20-webkit-transition%3Aall%200.3s%3B%0A%20%20-moz-transition%3Aall%200.3s%3B%0A%0A%20%7D%0A%23rev_slider_1_1_wrapper%20.zeus.tp-rightarrow%20.tp-arr-imgholder%20%7B%0A%20%20%20%20transform%3Atranslatex%28100%25%29%3B%0A%20%20-webkit-transform%3Atranslatex%28100%25%29%3B%0A%20%20%20%20%20%20%7D%0A%23rev_slider_1_1_wrapper%20.zeus.tparrows%3Ahover%20.tp-arr-imgholder%20%7B%0A%20%20transform%3Atranslatex%280%29%3B%0A%20%20-webkit-transform%3Atranslatex%280%29%3B%0A%20%20opacity%3A1%3B%0A%7D%0A%20%20%20%20%20%20%0A%23rev_slider_1_1_wrapper%20.zeus.tparrows%3Ahover%20.tp-title-wrap%20%7B%0A%20%20transform%3Ascale%281%29%3B%0A%20%20-webkit-transform%3Ascale%281%29%3B%0A%20%20opacity%3A1%3B%0A%7D%0A%20%0A\");\n\t\t\t\t\tvar htmlDiv = document.getElementById('rs-plugin-settings-inline-css');\n\t\t\t\t\tif(htmlDiv) {\n\t\t\t\t\t\thtmlDiv.innerHTML = htmlDiv.innerHTML + htmlDivCss;\n\t\t\t\t\t}else{\n\t\t\t\t\t\tvar htmlDiv = document.createElement('div');\n\t\t\t\t\t\thtmlDiv.innerHTML = '<style>' + htmlDivCss + '<\/style>';\n\t\t\t\t\t\tdocument.getElementsByTagName('head')[0].appendChild(htmlDiv.childNodes[0]);\n\t\t\t\t\t}\n\t\t\t\t<\/script>\n\t\t\t\t<script>\n\t\t\t\t\tvar htmlDivCss = unescape(\"%0A%0A%0A%0A\");\n\t\t\t\t\tvar htmlDiv = document.getElementById('rs-plugin-settings-inline-css');\n\t\t\t\t\tif(htmlDiv) {\n\t\t\t\t\t\thtmlDiv.innerHTML = htmlDiv.innerHTML + htmlDivCss;\n\t\t\t\t\t}else{\n\t\t\t\t\t\tvar htmlDiv = document.createElement('div');\n\t\t\t\t\t\thtmlDiv.innerHTML = '<style>' + htmlDivCss + '<\/style>';\n\t\t\t\t\t\tdocument.getElementsByTagName('head')[0].appendChild(htmlDiv.childNodes[0]);\n\t\t\t\t\t}\n\t\t\t\t<\/script>\n\t\t\t<\/rs-module-wrap>\n\t\t\t<!-- END REVOLUTION SLIDER -->\n[\/vc_column_text][\/vc_column][\/vc_row][vc_row gap=&#8221;45&#8243; equal_height=&#8221;yes&#8221; css=&#8221;.vc_custom_1727812005050{margin-bottom: 75px !important;}&#8221;][vc_column width=&#8221;1\/2&#8243; css=&#8221;.vc_custom_1490254680700{padding-right: 0px !important;padding-left: 0px !important;}&#8221;][vc_custom_heading text=&#8221;Pizza Factory&#8221; font_container=&#8221;tag:h1|text_align:left&#8221; use_theme_fonts=&#8221;yes&#8221; css=&#8221;.vc_custom_1599850310854{margin-top: -6px !important;margin-bottom: 43px !important;padding-right: 0px !important;}&#8221;][vc_custom_heading text=&#8221;Pe\u010denje obi\u010dnih pizza uop\u0107e nije na\u0161 stil, mi vam \u017eelimo priu\u0161titi istinski do\u017eivljaj. Pizza je puno vi\u0161e od brzog obroka koji \u0107ete ugurati izme\u0111u dva sastanka, za nas pizza je pravo gurmansko iskustvo. Dopustite da vam poka\u017eemo.&#8221; font_container=&#8221;tag:h6|text_align:left|line_height:32px&#8221; use_theme_fonts=&#8221;yes&#8221; css=&#8221;.vc_custom_1599850318278{margin-bottom: 40px !important;padding-right: 0px !important;}&#8221;][vc_single_image image=&#8221;221&#8243; img_size=&#8221;full&#8221; css=&#8221;.vc_custom_1490255350945{margin-bottom: 21px !important;padding-right: 0px !important;}&#8221;][vc_column_text css=&#8221;.vc_custom_1727819173298{margin-bottom: 0px !important;padding-right: 0px !important;padding-bottom: 30px !important;}&#8221;]S vi\u0161e od 20 godina iskustva vrlo dobro prepoznajemo \u017eelje i potrebe na\u0161ih kupaca. Ne povodimo se za trendovima, mi ih stvaramo. U na\u0161oj kuhinji nastaju pizze iz kru\u0161ne pe\u0107i uz izvorne ALL CROATIAN namirnice. Sastojci dolaze od doma\u0107ih proizvo\u0111a\u010da i lokalnih OPG obrtnika, a pizze ponosno serviramo i dostavljamo brzo, uz osmijeh, naravno. Bez obzira \u0161to odabrali s jelovnika, sigurni smo da \u0107ete u\u017eivati u svakom zalogaju.[\/vc_column_text][vc_single_image image=&#8221;221&#8243; img_size=&#8221;full&#8221; css=&#8221;.vc_custom_1490255350945{margin-bottom: 21px !important;padding-right: 0px !important;}&#8221;][vc_custom_heading text=&#8221;Novo! Pizza Factory &#8211; CB Concordia Novo!&#8221; font_container=&#8221;tag:h6|text_align:left|line_height:32px&#8221; use_theme_fonts=&#8221;yes&#8221; css=&#8221;.vc_custom_1727819556160{margin-bottom: 40px !important;padding-right: 0px !important;}&#8221; link=&#8221;url:https%3A%2F%2Fpizza-factory.hr%2F%3Fpage_id%3D2370|||&#8221;][vc_column_text css=&#8221;.vc_custom_1727819568976{margin-bottom: 0px !important;padding-right: 0px !important;padding-bottom: 30px !important;}&#8221;]Otvorili smo podru\u017enicu na \u010cu\u010derskoj cesti 105, pogledajte <a href=\"https:\/\/pizza-factory.hr\/?page_id=2370\">MENU<\/a>.<\/p>\n<p>I na novoj lokaciji o\u010dekujte najfinije pizze napravljene od vrhunskih, svje\u017eih sastojaka, ba\u0161 onako kako volite i kako ste navikli![\/vc_column_text][\/vc_column][vc_column width=&#8221;1\/2&#8243; css=&#8221;.vc_custom_1727811240361{padding-right: 0px !important;padding-left: 30px !important;background-position: center !important;background-repeat: no-repeat !important;background-size: cover !important;}&#8221;][vc_single_image image=&#8221;2061&#8243; img_size=&#8221;large&#8221;][\/vc_column][\/vc_row][vc_row full_width=&#8221;stretch_row&#8221; vincent_border_type=&#8221;figure&#8221; css=&#8221;.vc_custom_1599847555563{margin-bottom: 67px !important;padding-top: 62px !important;padding-bottom: 67px !important;background-image: url(https:\/\/pizza-factory.hr\/wp-content\/uploads\/2019\/07\/slide_3.jpg?id=1737) !important;background-position: center !important;background-repeat: no-repeat !important;background-size: cover !important;}&#8221;][vc_column width=&#8221;1\/3&#8243;][pm_vc_counter counter_count=&#8221;30&#8243; counter_title=&#8221;Pizza i sendvi\u010da&#8221; counter_count_color=&#8221;#121618&#8243; counter_title_color=&#8221;#121618&#8243;][\/vc_column][vc_column width=&#8221;1\/3&#8243;][pm_vc_counter counter_count=&#8221;15&#8243; counter_title=&#8221;parking mjesta&#8221; counter_icon=&#8221;&#8221; counter_count_color=&#8221;#121618&#8243; counter_title_color=&#8221;#121618&#8243; counter_icon_status=&#8221;true&#8221;][\/vc_column][vc_column width=&#8221;1\/3&#8243;][pm_vc_counter counter_count=&#8221;20&#8243; counter_title=&#8221;Godina iskustva&#8221; counter_count_color=&#8221;#121618&#8243; counter_title_color=&#8221;#121618&#8243;][\/vc_column][\/vc_row][vc_row][vc_column][vc_custom_heading text=&#8221;Ovo nisu obi\u010dne pizze,&#8221; font_container=&#8221;tag:h6|text_align:center&#8221; use_theme_fonts=&#8221;yes&#8221; css=&#8221;.vc_custom_1599847716969{margin-bottom: 21px !important;}&#8221;][vc_custom_heading text=&#8221;ovo su ALL CROATIAN pizze&#8221; font_container=&#8221;tag:h1|text_align:center&#8221; use_theme_fonts=&#8221;yes&#8221; css=&#8221;.vc_custom_1599847724407{margin-bottom: 45px !important;}&#8221;][vc_single_image image=&#8221;221&#8243; img_size=&#8221;full&#8221; alignment=&#8221;center&#8221; css=&#8221;.vc_custom_1490256464664{margin-bottom: 19px !important;}&#8221;][vc_column_text css=&#8221;.vc_custom_1602193155519{margin-bottom: 93px !important;padding-right: 0px !important;padding-left: 0px !important;}&#8221;]<\/p>\n<p style=\"text-align: center;\">Totalni zaljubljenici u pizze i gurmani u du\u0161i. Spojili smo pizzu kao omiljenu klopu s izvornim hrvatskim namirnicama poput pr\u0161uta, kulena, \u0161unke i vrhunskog sira. A rezultat? Javite nam kad probate. Dobar tek!<\/p>\n<p>[\/vc_column_text][vc_empty_space][\/vc_column][\/vc_row][vc_row full_width=&#8221;stretch_row_content_no_spaces&#8221; css_animation=&#8221;slideInLeft&#8221;][vc_column css=&#8221;.vc_custom_1490686872889{padding-right: 90px !important;padding-left: 90px !important;}&#8221;][pm_vc_custom_products prod_list=&#8221;2287, 1992, 1991, 531&#8243; group_image=&#8221;2059&#8243; list_bg_color=&#8221;#1d2326&#8243; group_image_status=&#8221;true&#8221; custom_css=&#8221;.vc_custom_1672609000455{margin-bottom: 100px !important;}&#8221;][pm_vc_custom_products prod_list=&#8221;2017, 2014, 2011, 2008&#8243; group_image=&#8221;2058&#8243; image_position=&#8221;right&#8221; list_bg_color=&#8221;#1d2326&#8243; group_image_status=&#8221;true&#8221; custom_css=&#8221;.vc_custom_1599852901127{margin-bottom: 100px !important;}&#8221;][pm_vc_custom_products prod_list=&#8221;2026, 2025, 2024, 2021&#8243; group_image=&#8221;2226&#8243; list_bg_color=&#8221;#1d2326&#8243; group_image_status=&#8221;true&#8221; custom_css=&#8221;.vc_custom_1600547287288{margin-bottom: 125px !important;}&#8221;][\/vc_column][\/vc_row][vc_row full_width=&#8221;stretch_row&#8221; css=&#8221;.vc_custom_1599851716314{margin-bottom: 10px !important;padding-top: 67px !important;padding-bottom: 10px !important;background-position: center !important;background-repeat: no-repeat !important;background-size: cover !important;}&#8221;][vc_column][vc_custom_heading text=&#8221;Znate li da imamo loyalty program?&#8221; font_container=&#8221;tag:h6|text_align:center&#8221; use_theme_fonts=&#8221;yes&#8221; css=&#8221;.vc_custom_1599850879146{margin-bottom: 21px !important;}&#8221;][vc_custom_heading text=&#8221;\u010ce\u0161\u0107e navrati, vi\u0161e se isplati!&#8221; font_container=&#8221;tag:h1|text_align:center&#8221; use_theme_fonts=&#8221;yes&#8221; css=&#8221;.vc_custom_1599850887133{margin-bottom: 45px !important;}&#8221;][vc_single_image image=&#8221;221&#8243; img_size=&#8221;full&#8221; alignment=&#8221;center&#8221; css=&#8221;.vc_custom_1599850756820{margin-bottom: 19px !important;}&#8221;][vc_column_text css=&#8221;.vc_custom_1727211722494{padding-right: 0px !important;padding-left: 0px !important;}&#8221;]<\/p>\n<p style=\"text-align: center;\">Svaki put kad pizzu naru\u010dite u pizzeriji, dobivate odgovaraju\u0107u naljepnicu. Skupite odre\u0111eni broj naljepnica i birate sljede\u0107u pizzu po izboru &#8211; BESPLATNO! \ud83d\ude42<\/p>\n<p style=\"text-align: center;\">Mala napomena &#8211; loyalty ponuda vrijedi isklju\u010divo za konzumaciju u pizzeriji na adresi Isce 13, Zagreb.<\/p>\n<p>[\/vc_column_text][\/vc_column][\/vc_row][vc_row css=&#8221;.vc_custom_1599851569575{margin-bottom: 53px !important;}&#8221;][vc_column width=&#8221;1\/3&#8243;][vc_single_image image=&#8221;2051&#8243; img_size=&#8221;large&#8221; css_animation=&#8221;zoomInDown&#8221;][\/vc_column][vc_column width=&#8221;1\/3&#8243;][vc_single_image image=&#8221;2049&#8243; img_size=&#8221;large&#8221; css_animation=&#8221;zoomInDown&#8221;][\/vc_column][vc_column width=&#8221;1\/3&#8243;][vc_single_image image=&#8221;2050&#8243; img_size=&#8221;large&#8221; css_animation=&#8221;zoomInDown&#8221;][\/vc_column][\/vc_row][vc_row full_width=&#8221;stretch_row&#8221; css=&#8221;.vc_custom_1599851716314{margin-bottom: 10px !important;padding-top: 67px !important;padding-bottom: 10px !important;background-position: center !important;background-repeat: no-repeat !important;background-size: cover !important;}&#8221;][vc_column][vc_single_image image=&#8221;221&#8243; img_size=&#8221;full&#8221; alignment=&#8221;center&#8221; css=&#8221;.vc_custom_1599850756820{margin-bottom: 19px !important;}&#8221;][\/vc_column][\/vc_row][vc_row css=&#8221;.vc_custom_1599851569575{margin-bottom: 53px !important;}&#8221;][vc_column width=&#8221;1\/3&#8243;][\/vc_column][vc_column width=&#8221;1\/3&#8243;][\/vc_column][vc_column width=&#8221;1\/3&#8243;][\/vc_column][\/vc_row][vc_row full_width=&#8221;stretch_row_content&#8221; css=&#8221;.vc_custom_1490258467787{margin-bottom: 9px !important;}&#8221;][vc_column css=&#8221;.vc_custom_1490258091540{padding-right: 30px !important;padding-left: 90px !important;}&#8221;][vc_custom_heading text=&#8221;&#8221; font_container=&#8221;tag:h2|text_align:center&#8221; use_theme_fonts=&#8221;yes&#8221; css=&#8221;.vc_custom_1599856517712{margin-bottom: 56px !important;margin-left: -60px !important;}&#8221;][vc_masonry_media_grid element_width=&#8221;3&#8243; gap=&#8221;60&#8243; grid_id=&#8221;vc_gid:1773687682667-196fcc8d-e76f-0&#8243; include=&#8221;2064,2071,2070,2072,2068,2066,2069,2065,2228,2229,2230&#8243;][\/vc_column][\/vc_row][vc_row][vc_column][vc_separator color=&#8221;custom&#8221; css=&#8221;.vc_custom_1600895386726{padding-top: 50px !important;padding-bottom: 50px !important;}&#8221; accent_color=&#8221;#282828&#8243;][\/vc_column][\/vc_row][vc_row][vc_column][vc_column_text]<\/p>\n<div style=\"width: 100%; text-align: center;\">\n<p><a href=\"http:\/\/www.companywall.hr\/\" target=\"_blank\" rel=\"noopener noreferrer\"><img loading=\"lazy\" decoding=\"async\" src=\"https:\/\/www.companywall.hr\/image\/bonitet?id=710829&amp;type=1&amp;y=2020\" width=\"600\" height=\"100\" border=\"0\" \/><\/a><\/div>\n<p>[\/vc_column_text][\/vc_column][\/vc_row][vc_row equal_height=&#8221;yes&#8221;][vc_column][vc_single_image image=&#8221;2261&#8243; img_size=&#8221;full&#8221; alignment=&#8221;center&#8221;][\/vc_column][\/vc_row][vc_row][vc_column][vc_empty_space][\/vc_column][\/vc_row]<\/p>\n","protected":false},"excerpt":{"rendered":"<p>[vc_row full_width=&#8221;stretch_row_content_no_spaces&#8221; vincent_border_type=&#8221;figure&#8221; css=&#8221;.vc_custom_1492088005175{margin-top: -54px !important;margin-bottom: 46px !important;}&#8221;][vc_column][vc_column_text][\/vc_column_text][\/vc_column][\/vc_row][vc_row gap=&#8221;45&#8243; equal_height=&#8221;yes&#8221; css=&#8221;.vc_custom_1727812005050{margin-bottom: 75px !important;}&#8221;][vc_column width=&#8221;1\/2&#8243; css=&#8221;.vc_custom_1490254680700{padding-right: 0px !important;padding-left: 0px !important;}&#8221;][vc_custom_heading text=&#8221;Pizza Factory&#8221; font_container=&#8221;tag:h1|text_align:left&#8221; use_theme_fonts=&#8221;yes&#8221; css=&#8221;.vc_custom_1599850310854{margin-top: -6px !important;margin-bottom: 43px !important;padding-right: 0px !important;}&#8221;][vc_custom_heading text=&#8221;Pe\u010denje obi\u010dnih pizza uop\u0107e nije na\u0161 stil, mi vam \u017eelimo priu\u0161titi istinski do\u017eivljaj. Pizza je puno vi\u0161e od brzog obroka koji \u0107ete ugurati izme\u0111u dva [&hellip;]<\/p>\n","protected":false},"author":1,"featured_media":0,"parent":0,"menu_order":0,"comment_status":"closed","ping_status":"closed","template":"","meta":{"footnotes":""},"class_list":["post-748","page","type-page","status-publish","hentry"],"_links":{"self":[{"href":"https:\/\/pizza-factory.hr\/index.php?rest_route=\/wp\/v2\/pages\/748","targetHints":{"allow":["GET"]}}],"collection":[{"href":"https:\/\/pizza-factory.hr\/index.php?rest_route=\/wp\/v2\/pages"}],"about":[{"href":"https:\/\/pizza-factory.hr\/index.php?rest_route=\/wp\/v2\/types\/page"}],"author":[{"embeddable":true,"href":"https:\/\/pizza-factory.hr\/index.php?rest_route=\/wp\/v2\/users\/1"}],"replies":[{"embeddable":true,"href":"https:\/\/pizza-factory.hr\/index.php?rest_route=%2Fwp%2Fv2%2Fcomments&post=748"}],"version-history":[{"count":56,"href":"https:\/\/pizza-factory.hr\/index.php?rest_route=\/wp\/v2\/pages\/748\/revisions"}],"predecessor-version":[{"id":2523,"href":"https:\/\/pizza-factory.hr\/index.php?rest_route=\/wp\/v2\/pages\/748\/revisions\/2523"}],"wp:attachment":[{"href":"https:\/\/pizza-factory.hr\/index.php?rest_route=%2Fwp%2Fv2%2Fmedia&parent=748"}],"curies":[{"name":"wp","href":"https:\/\/api.w.org\/{rel}","templated":true}]}}